me factors of 159481533.
3, 113, 470447
List the prime factors of 212461491.
3, 11, 83, 77569
List the prime factors of 94691961.
3, 7, 13, 83, 199
List the prime factors of 129421568.
2, 83, 6091
List the prime factors of 5748545605.
5, 11, 31, 113, 29837
List the prime factors of 10657773.
3, 7, 167, 1013
List the prime factors of 66305258.
2, 37, 331, 2707
What are the prime factors of 194696339?
194696339
What are the prime factors of 1543647319?
1571, 982589
List the prime factors of 643764530.
2, 5, 2657, 24229
List the prime factors of 110225494.
2, 83, 664009
List the prime factors of 1526787051.
3, 17, 29937001
List the prime factors of 181702285.
5, 53, 685669
What are the prime factors of 180650132?
2, 13, 37, 93893
What are the prime factors of 78222946?
2, 47, 832159
What are the prime factors of 728704219?
397, 1835527
What are the prime factors of 261184809?
3, 479, 181757
What are the prime factors of 259230508?
2, 457, 141811
What are the prime factors of 64069180?
2, 5, 7, 73, 6269
What are the prime factors of 606125993?
11, 1579, 34897
What are the prime factors of 497177222?
2, 199, 653, 1913
What are the prime factors of 2351066497?
13, 180851269
List the prime factors of 741653022.
2, 3, 11, 2591, 4337
What are the prime factors of 303039967?
303039967
What are the prime factors of 24326520?
2, 3, 5, 73, 2777
List the prime factors of 95077202.
2, 11, 59, 6659
What are the prime factors of 785291150?
2, 5, 7, 251, 1277
What are the prime factors of 127823219?
43, 73, 947
List the prime factors of 54815800.
2, 5, 13, 29, 727
What are the prime factors of 836922585?
3, 5, 55794839
What are the prime factors of 160840888?
2, 13, 1546547
List the prime factors of 225058801.
11, 17, 281, 4283
What are the prime factors of 1862616817?
67, 27800251
List the prime factors of 112552946.
2, 11, 5116043
What are the prime factors of 138551080?
2, 5, 23, 73, 2063
List the prime factors of 136694184.
2, 3, 11, 103, 457
List the prime factors of 2882285891.
2882285891
List the prime factors of 2317329189.
3, 7, 23, 601, 887
List the prime factors of 1070134833.
3, 356711611
List the prime factors of 275894771.
275894771
What are the prime factors of 357781943?
31, 67, 172259
List the prime factors of 83790302.
2, 1783, 23497
List the prime factors of 12259881.
3, 1362209
What are the prime factors of 548695352?
2, 68586919
What are the prime factors of 831695011?
7, 607, 195739
What are the prime factors of 83679132?
2, 3, 131, 53231
List the prime factors of 2198434657.
31, 89, 463, 1721
List the prime factors of 164259173.
13, 31, 113, 3607
List the prime factors of 7156726.
2, 23, 155581
What are the prime factors of 118253269?
47, 71, 35437
What are the prime factors of 27779711?
37, 750803
What are the prime factors of 1506485469?
3, 719, 698417
What are the prime factors of 2008058?
2, 13, 457
What are the prime factors of 787168775?
5, 31486751
List the prime factors of 184189738.
2, 229, 397, 1013
What are the prime factors of 4587172256?
2, 23, 727, 8573
What are the prime factors of 36028440?
2, 3, 5, 7, 17, 29
What are the prime factors of 4207584748?
2, 2377, 442531
What are the prime factors of 55482260?
2, 5, 137, 20249
What are the prime factors of 210286367?
3181, 66107
List the prime factors of 4918209980.
2, 5, 311, 790709
What are the prime factors of 9011539?
127, 70957
What are the prime factors of 2720321128?
2, 7, 48577163
What are the prime factors of 292174136?
2, 59, 67, 9239
List the prime factors of 442004787.
3, 7, 7015949
What are the prime factors of 24726144?
2, 3, 19, 3389
What are the prime factors of 28026653?
19, 1475087
List the prime factors of 292662857.
292662857
List the prime factors of 61000447.
6529, 9343
List the prime factors of 99903455.
5, 877, 22783
List the prime factors of 6949132.
2, 557, 3119
List the prime factors of 37252747.
7, 37, 143833
What are the prime factors of 75617650?
2, 5, 43, 35171
What are the prime factors of 200878313?
127, 1581719
What are the prime factors of 347991645?
3, 5, 137, 169339
List the prime factors of 112782245.
5, 22556449
What are the prime factors of 40900480?
2, 5, 63907
List the prime factors of 3781985080.
2, 5, 94549627
What are the prime factors of 289228656?
2, 3, 6025597
What are the prime factors of 1467898023?
3, 197, 2483753
List the prime factors of 701417299.
11, 41, 1555249
List the prime factors of 25582286.
2, 439, 29137
What are the prime factors of 461997795?
3, 5, 7, 389, 11311
List the prime factors of 3294389199.
3, 23, 347, 137593
What are the prime factors of 541222103?
163, 3320381
What are the prime factors of 4068657962?
2, 89, 22857629
What are the prime factors of 135944849?
1373, 99013
What are the prime factors of 50783673?
3, 31, 71, 7691
List the prime factors of 589676214.
2, 3, 211, 439, 1061
List the prime factors of 7682436.
2, 3, 17, 12553
List the prime factors of 411721888.
2, 12866309
What are the prime factors of 752739027?
3, 1013, 247693
List the prime factors of 47555636.
2, 11888909
What are the prime factors of 1741802299?
1741802299
What are the prime factors of 146772015?
3, 5, 13, 401, 1877
What are the prime factors of 37118034?
2, 3, 163, 4217
List the prime factors of 232383272.
2, 11, 89, 29671
List the prime factors of 28369136.
2, 1773071
What are the prime factors of 556670824?
2, 69583853
List the prime factors of 65903786.
2, 13, 23, 191, 577
What are the prime factors of 756327257?
7, 108046751
What are the prime factors of 132552259?
7, 18936037
What are the prime factors of 1405346688?
2, 3, 1219919
List the prime factors of 141176239.
79, 1787041
What are the prime factors of 256403204?
2, 97, 660833
List the prime factors of 1788603563.
109, 1429, 11483
List the prime factors of 6196666.
2, 7, 442619
What are the prime factors of 2183644493?
2183644493
List the prime factors of 90209707.
7, 12887101
List the prime factors of 3021547548.
2, 3, 1303, 193243
List the prime factors of 384568226.
2, 7, 853, 32203
What are the prime factors of 16516192?
2, 7, 11, 6703
List the prime factors of 997436828.
2, 4297, 58031
List the prime factors of 122294377.
122294377
What are the prime factors of 3938507967?
3, 19, 67, 607, 1699
What are the prime factors of 138092143?
7, 402601
What are the prime factors of 94361751?
3, 11, 953149
List the prime factors of 1213277727.
3, 29, 199, 70079
What are the prime factors of 206024942?
2, 19, 5421709
What are the prime factors of 108741437?
7, 2219213
What are the prime factors of 42887370?
2, 3, 5, 19, 67, 1123
What are the prime factors of 400903310?
2, 5, 3677, 10903
What are the prime factors of 4364237929?
271, 16104199
What are the prime factors of 844863295?
5, 4447, 37997
List the prime factors of 201859212.
2, 3, 3299, 5099
List the prime factors of 1084570520.
2, 5, 11, 23, 107171
What are the prime factors of 5106480692?
2, 239, 1907, 2801
What are the prime factors of 1000340865?
3, 5, 89, 101, 2473
What are the prime factors of 137197425?
3, 5, 1829299
List the prime factors of 11574564.
2, 3, 53, 18199
What are the prime factors of 731984879?
179, 1531, 2671
What are the prime factors of 2221535535?
3, 5, 2131, 69499
List the prime factors of 89860553.
151, 397, 1499
List the prime factors of 16284782.
2, 23, 354017
What are the prime factors of 148344901?
67, 2214103
List the prime factors of 119552058.
2, 3, 17, 31, 4201
What are the prime factors of 343887526?
2, 17, 31, 509, 641
List the prime factors of 97254505.
5, 19450901
List the prime factors of 240975809.
83, 2903323
What are the prime factors of 880090734?
2, 3, 4441, 33029
What are the prime factors of 21295160?
2, 5, 532379
List the prime factors of 87665604.
2, 3, 13, 23, 53, 461
List the prime factors of 3755025682.
2, 23599, 79559
What are the prime factors of 4329404610?
2, 3, 5, 79, 1826753
What are the prime factors of 1498561?
1498561
List the prime factors of 1119793820.
2, 5, 29, 1930679
List the prime factors of 323505919.
11, 29409629
What are the prime factors of 48259736?
2, 7, 17, 163, 311
List the prime factors of 746655248.
2, 46665953
What are the prime factors of 4172059925?
5, 11, 61, 248707
List the prime factors of 1393720924.
2, 61, 5711971
What are 